{"id":20524,"date":"2026-03-23T10:15:55","date_gmt":"2026-03-23T09:15:55","guid":{"rendered":"https:\/\/www.albeeassociati.it\/?page_id=20524"},"modified":"2026-06-17T10:24:14","modified_gmt":"2026-06-17T08:24:14","slug":"iscrizioni","status":"publish","type":"page","link":"https:\/\/www.albeeassociati.it\/en\/iscrizioni\/","title":{"rendered":"PARIT\u00c0 E TRASPARENZA SALARIALE: LE NOVITA DEL DECRETO 96"},"content":{"rendered":"\n<p><\/p>\n\n\n\n<div class=\"wp-block-group pt-3 is-layout-flow\"><div class=\"wp-block-group__inner-container\">\n<div class=\"wp-block-columns is-layout-flex wp-container-3\">\n<div class=\"wp-block-column is-layout-flow\" style=\"flex-basis:30%\">\n<h2 class=\"wp-block-heading event-date\"><strong>luned\u00ec<\/strong><br><strong>06 luglio 2026<\/strong><\/h2>\n\n\n\n<h4 class=\"wp-block-heading\"><strong>dalle 15.00 alle 16.00<\/strong><\/h4>\n\n\n\n<p class=\"badge bg-primary\">Online webinar<\/p>\n<\/div>\n\n\n\n<div class=\"wp-block-column is-layout-flow\" style=\"flex-basis:70%\">\n<p><\/p>\n\n\n\n<p class=\"has-medium-font-size\">L\u2019incontro approfondir\u00e0 le recenti novit\u00e0 normative e i principali obblighi che le aziende sono chiamate a considerare in tema di trasparenza retributiva e parit\u00e0 salariale.<\/p>\n<\/div>\n<\/div>\n\n\n\n<div class=\"wp-block-group mt-5 is-layout-flow\"><div class=\"wp-block-group__inner-container\"><\/div><\/div>\n<\/div><\/div>\n","protected":false},"excerpt":{"rendered":"<p>luned\u00ec06 luglio 2026 dalle 15.00 alle 16.00 Online webinar L\u2019incontro approfondir\u00e0 le recenti novit\u00e0 normative e i principali obblighi che le aziende sono chiamate a considerare in tema di trasparenza retributiva e parit\u00e0 salariale.<\/p>\n","protected":false},"author":1,"featured_media":0,"parent":0,"menu_order":0,"comment_status":"closed","ping_status":"closed","template":"template-seminar.php","meta":[],"acf":[],"_links":{"self":[{"href":"https:\/\/www.albeeassociati.it\/en\/wp-json\/wp\/v2\/pages\/20524"}],"collection":[{"href":"https:\/\/www.albeeassociati.it\/en\/wp-json\/wp\/v2\/pages"}],"about":[{"href":"https:\/\/www.albeeassociati.it\/en\/wp-json\/wp\/v2\/types\/page"}],"author":[{"embeddable":true,"href":"https:\/\/www.albeeassociati.it\/en\/wp-json\/wp\/v2\/users\/1"}],"replies":[{"embeddable":true,"href":"https:\/\/www.albeeassociati.it\/en\/wp-json\/wp\/v2\/comments?post=20524"}],"version-history":[{"count":10,"href":"https:\/\/www.albeeassociati.it\/en\/wp-json\/wp\/v2\/pages\/20524\/revisions"}],"predecessor-version":[{"id":20740,"href":"https:\/\/www.albeeassociati.it\/en\/wp-json\/wp\/v2\/pages\/20524\/revisions\/20740"}],"wp:attachment":[{"href":"https:\/\/www.albeeassociati.it\/en\/wp-json\/wp\/v2\/media?parent=20524"}],"curies":[{"name":"wp","href":"https:\/\/api.w.org\/{rel}","templated":true}]}}

PARITÀ E TRASPARENZA SALARIALE: LE NOVITA DEL DECRETO 96

<p></p>



<div class="wp-block-group pt-3 is-layout-flow"><div class="wp-block-group__inner-container">
<div class="wp-block-columns is-layout-flex wp-container-3">
<div class="wp-block-column is-layout-flow" style="flex-basis:30%">
<h2 class="wp-block-heading event-date"><strong>lunedì</strong><br><strong>06 luglio 2026</strong></h2>



<h4 class="wp-block-heading"><strong>dalle 15.00 alle 16.00</strong></h4>



<p class="badge bg-primary">Online webinar</p>
</div>



<div class="wp-block-column is-layout-flow" style="flex-basis:70%">
<p></p>



<p class="has-medium-font-size">L’incontro approfondirà le recenti novità normative e i principali obblighi che le aziende sono chiamate a considerare in tema di trasparenza retributiva e parità salariale.</p>
</div>
</div>



<div class="wp-block-group mt-5 is-layout-flow"><div class="wp-block-group__inner-container"></div></div>
</div></div>

<p>lunedì06 luglio 2026 dalle 15.00 alle 16.00 Online webinar L’incontro approfondirà le recenti novità normative e i principali obblighi che le aziende sono chiamate a considerare in tema di trasparenza retributiva e parità salariale.</p>
